se 2*s = -389 + 49. Let d = s - -121. Let z = d + 115. What is the highest common factor of 99 and z?
33
Let z(f) = -2*f**3 - 3*f**2 + 3*f. Suppose m - 4 = -m. Suppose -d = -3*v - 11, m*d - 4 = -0*d. Let j be z(v). What is the highest common divisor of 2 and j?
2
Suppose -6*s + 35 = -s. Suppose 22*p - 6 = 23*p + 2*x, 3*p - 9 = 3*x. Suppose 98 = 14*r - p*r. What is the highest common divisor of s and r?
7
Let c = 185 + -149. Let p be (-5)/(-6) + 978/c. What is the greatest common divisor of 35 and p?
7
Let y = 5860 + -5784. What is the greatest common divisor of y and 5130?
38
Let n = 97 + -63. Suppose r + 5 = n. Let u be r + (-7 + 4 - -6). What is the greatest common factor of 80 and u?
16
Let k = -39 + 28. Let v(w) = -w**3 - 11*w**2 - 29*w - 19. Let m be v(k). What is the greatest common factor of m and 12?
12
Let l(w) = -2*w**3 + w**2 + w - 180. Let i be l(0). Let y = 95 - i. What is the highest common factor of 55 and y?
55
Let p(o) = -7*o + 17. Let i be p(-7). Suppose -5*c = 5*k + 12 + 8, c - 4*k = 16. Let l be (-3 - -3) + (c - -6). What is the highest common divisor of i and l?
6
Let n be (0 - 3/12)*-4 + 3. Let r be n/22 - (-691)/11. Let t be -3 - 18*(-15)/6. Calculate the highest common factor of t and r.
21
Let z be 6 + 25/(-5) - (-11 + -1). Let m(b) = 8*b - 39. Let c be m(z). Suppose -g + 3*g + x = 23, 5*g - c = -x. What is the highest common factor of 42 and g?
14
Suppose 10*v - 2957 - 6883 = 0. Calculate the highest common divisor of 168 and v.
24
Let z = 17 + -14. Suppose 3*b = -4*j + 21, 0 = 5*j - 5*b - 42 - 28. What is the highest common factor of z and j?
3
Let m = -1781 + 3168. Calculate the highest common factor of m and 292.
73
Let t(s) = 7*s - 27 + 9*s - 1 + 4*s. Let b(r) = -40*r + 56. Let h(a) = -4*b(a) - 9*t(a). Let m be h(-7). Calculate the highest common factor of m and 21.
21
Suppose -8*y - 225 = -23*y. Let b(s) = -s**3 + 17*s**2 - 29*s + 3. Let p be b(y). Let h be (2 - -5)*12/14. What is the greatest common factor of p and h?
6
Suppose 264 = 5*w + 314. Let s be 3 - (2 - 12/(-2)). Let t be (74/4)/(s/w). Calculate the highest common factor of t and 333.
37
Let o be (-8)/4 - -9*19. Let s be ((-1)/(1/(-27)) + -1)*(-159)/(-318). Calculate the greatest common factor of s and o.
13
Suppose 0 = -4*m - 71*m + 1425. What is the greatest common divisor of 399 and m?
19
Let n be (-1 + 2)/((8320/150)/(-8) - -7). What is the highest common divisor of n and 1475?
5
Suppose -6*h = -h - 110. Let p be 72/6 - 2*-2. Suppose 0 = -5*l - 5*s + 215, 3*s - p = -19. Calculate the greatest common factor of h and l.
22
Let x = -10516 + 10615. Calculate the greatest common divisor of x and 315.
9
Let q be -5*(-7)/(-35)*(0 + -7). Suppose 3*c - 30 = -4*r, c - 50 + q = -5*r. Calculate the greatest common factor of 30 and r.
3
Let g = 364 - -254. Suppose -6*z - 420 + g = 0. Let i(w) = 6*w - 2. Let s be i(4). What is the highest common divisor of s and z?
11
Suppose -360 = -66*q + 64*q + 2*u, 2*q - 369 = u. What is the greatest common divisor of q and 11466?
63
Let i(c) = c**2 + 13*c + 14. Let x be i(-9). Let q(j) = j**2 + 21*j - 15. Let o be q(x). What is the highest common divisor of o and 77?
7
Suppose -1058 + 2658 = 10*p. What is the highest common divisor of 90 and p?
10
Suppose 3*p - 8*p + z = -5, -3*p + 15 = -3*z. Let s be p + 60/(-18)*30/4. Let m be (96/(-80))/(2/s). What is the greatest common divisor of 40 and m?
5
Let t = -64 + 64. Let h(b) = -2*b**3 - 2*b**2 + b + 132. Let y be h(t). Let u = 13 + 20. Calculate the highest common divisor of u and y.
33
Suppose -3*u + 401 = m, 1143 = 3*m - 15*u + 12*u. Calculate the greatest common divisor of m and 5.
1
Suppose 0 = -18*v + 21*v. Suppose -29*h + 21*h + 352 = v. Calculate the highest common divisor of h and 176.
44
Suppose -12*w + 10*w = -10. Suppose -2*r - 5*m + 119 = -w*r, -3*r - m = 113. Let g = r - -64. What is the highest common factor of g and 104?
26
Let z(a) = -3367 - 3375 + 6706 - 9*a - a**2 - 16*a. Let d be z(-23). Let m be 2384/14 + 4/(-14). What is the greatest common factor of d and m?
10
Let w be 10/2 + (-9)/3. Suppose r - 5 = w. Let c(q) = -q**3 - 27*q**2 + 233*q - 107. Let u be c(-34). Calculate the greatest common factor of u and r.
7
Let v(b) = 19*b - 573. Let q be v(39). Let d(u) = -4*u - 14. Let a be d(-7). Calculate the highest common divisor of a and q.
14
Suppose 5*o = -w + 3363, 0 = -510*o + 515*o + 5*w - 3375. What is the highest common factor of 189 and o?
21
Let i = -3449 - -3462. Let n be 3/1*(-17)/(-3). Suppose 0 = -i*d + n*d - 24. Calculate the highest common divisor of d and 48.
6
Suppose 2*l + 38 = 4*g, 4*g + g + l = 44. Suppose -61*j = -182*j + 34848. Calculate the highest common divisor of g and j.
9
Suppose -1284 = -7*i + i. Suppose 2*j + 5*t - 64 = 39, 2*t - i = -4*j. Calculate the highest common divisor of 864 and j.
54
Let l(a) = a**2 + 247*a + 2153. Let v be l(-9). Calculate the greatest common divisor of 1529 and v.
11
Let h = -1433 + 710. Let n = -719 - h. Calculate the greatest common divisor of n and 148.
4
Suppose 2*j + 16 = -2*j. Let v = j + 10. Let p = v - 2. What is the highest common factor of p and 16?
4
Let x = 5182 + -5177. Let a be 1/(6/4 - 1). Suppose -3*b = -6, -a*q + 3*q + x*b - 17 = 0. What is the highest common factor of q and 7?
7
Suppose -168*y = -149*y + 239*y - 3096. Let t(i) = -i**3 + 8*i**2 + 2*i. Let j be t(8). Calculate the highest common divisor of j and y.
4
Let q be (4080/(-210) + 10)/((-2)/126). Calculate the greatest common factor of 1584 and q.
198
Suppose -104*w = -106*w + 4*y - 8, 39 = 4*w + 3*y. What is the greatest common factor of w and 3?
3
Let c(q) = 2*q**2 + 22*q - 15. Let p be c(-12). Suppose -74 = -p*t + 169. Suppose -3*f - 324 = -7*f. What is the greatest common divisor of f and t?
27
Suppose 7*v + 4860 = 5*n + 11*v, -n + 1001 = -5*v. What is the highest common divisor of n and 16?
16
Let n be 523/(-5) - 2/5. Let h(s) = 5*s**2 + 5*s - 7. Let g be h(-7). Let m = n + g. What is the greatest common divisor of m and 147?
49
Let a = 197 + -163. Let g = 26 + a. What is the highest common divisor of 240 and g?
60
Let p(n) = n**2 + 5*n - 50. Let o be p(6). Suppose -2291 = -o*q - 899. What is the highest common divisor of q and 87?
87
Let o = 36 + 101. Let f = -132 + o. Let b be (1 - -9)*(-27)/(-6). Calculate the highest common factor of b and f.
5
Let r be ((-39)/13)/(1*(-1 - 0)). Suppose -4*m + 8*m - r*g = 126, -5*g + 10 = 0. What is the greatest common factor of m and 88?
11
Let t be (-3172)/65*(-13 - -3). Let s = t + -345. Calculate the highest common divisor of 11 and s.
11
Let x(v) be the second derivative of -5/6*v**3 - 26*v - 1/2*v**2 + 0. Let q be x(-7). Calculate the greatest common factor of 306 and q.
34
Let s = -4078 - -4085. Calculate the highest common factor of s and 82.
1
Let d = 95 - 81. Let i(f) = 14*f + 17 + 10 - d + 9. Let s be i(3). What is the greatest common divisor of s and 8?
8
Let o(s) = -9*s + 22*s - 13*s + s**3 + 8 - 8*s**2. Let f be o(8). Suppose 39 = r - 65. What is the highest common factor of f and r?
8
Suppose 200 + 248 = 8*b. What is the greatest common factor of b and 1736?
56
Let p be ((-5)/(-5) + 1)*9. Calculate the highest common factor of p and 2367.
9
Let q be (302 + -85)*(-46)/(-14)*1. Calculate the greatest common divisor of 31 and q.
31
Let s(g) = -10*g + 5. Let m be s(-6). Let b = m - 25. Let z = -144 + 154. Calculate the greatest common factor of b and z.
10
Let g = -3 + 7. Suppose 2*m - 244 = -x - g*x, -5*x + 4*m + 262 = 0. Suppose 48*z = -28*z + 1520. What is the highest common factor of z and x?
10
Let s(b) = b**2 + 10*b + 19. Let d = -52 + 44. Let u be s(d). Suppose r = u*r - 2*c - 648, 3*r - 5*c = 964. Calculate the highest common divisor of 41 and r.
41
Suppose -6*u = -5*u - 27. Suppose -3*y + p - 52 = 0, 4*p = 2*y - 5*y - 32. Let f be 8/(y/(-9))*4. Calculate the greatest common factor of f and u.
9
Suppose -n + 49*y - 47*y + 57 = 0, 8 = -2*y. Suppose 0 = -n*q + 569 + 754. What is the highest common factor of 6 and q?
3
Suppose 4*y - 12824 = -4*x, 283*x = 287*x - y - 12784. Calculate the greatest common factor of x and 574.
82
Suppose -51*z + 50*z - 573 = -3*l, -12 = -2*z. Calculate the highest common factor of 8299 and l.
193
Suppose 23*z - 23485 = 250393 - 6204. Cal